2 + 8*k + 16*k**2 + k**3. Calculate the remainder when 79 is divided by z(9).
15
Suppose -73*w = 53*w - 5166. What is the remainder when 360 is divided by w?
32
Calculate the remainder when 156 - (4/(-22) + 72/33) is divided by 82.
72
Calculate the remainder when (131 + 8)/((-27)/(-6) + -4) is divided by 35.
33
Let o = -3 - 2. Let t = o - -9. Suppose 60 = 4*s + t*c, -2 = s - 5*c + 13. What is the remainder when 24 is divided by s?
4
Suppose 6*h - 140 = -482. Let n = 130 + h. What is the remainder when n is divided by 19?
16
Suppose 6*z = z + 4*f + 268, 3*z - 4*f = 164. Calculate the remainder when z is divided by (22/4)/(15/30).
8
Let m be (0 + 0)/((-8)/4). Suppose -5*o - 3*p + 5 = 0, 2*o - 6*o + 26 = -2*p. Suppose m = 2*x - o*x + 54. What is the remainder when x is divided by 15?
12
Let y(x) = -x**3 + 14*x**2 - 19*x - 43. Suppose 74 = 2*a + 2*b, 125 = 3*a - 3*b + 44. What is the remainder when a is divided by y(12)?
15
Let y = 94 - 42. Suppose 4*m = -3*k - 16, -10 = k + 4*m + 6. Calculate the remainder when y is divided by 3 + 48/(k - -2).
25
Suppose 2*c + 6 = 0, -5*g + 3*c - 21 = -0*c. Let m = 3 - -4. Let t = m - g. What is the remainder when 75 is divided by t?
10
Suppose -355 = -5*x - 4*a + 108, -4*x = -3*a - 389. Let j(k) = k**2 - 3*k - 3. What is the remainder when x is divided by j(7)?
20
Suppose 3*n - 34 = -n - 2*s, 12 = 3*n - 3*s. Suppose 3*v + v = 16. Suppose -v*p + 54 = -18. Calculate the remainder when p is divided by n.
4
Let y(x) be the first derivative of x**3/3 + 5*x**2/2 + 11*x + 5. Calculate the remainder when y(-8) is divided by (-108)/16 + 6 + 54/8.
5
Suppose -3 = -3*m + 2*m. Let c be ((-2)/2 + m)/(-2). What is the remainder when 11 is divided by (c - -29)*(-3)/(-12)?
4
Suppose 207 = -3*b + 5*w + 880, 0 = 16*b + 3*w - 3530. Suppose 5*r - 4*k - 63 = 0, k + 72 = -0*r + 5*r. What is the remainder when b is divided by r?
11
Let w(j) = -j + 66. Calculate the remainder when 165 is divided by w(9).
51
Calculate the remainder when (-485)/(-7) + (-80)/280 is divided by (-6)/4 - (-825)/30.
17
Suppose 3*p - 5*j = 617, -2*p + 195 = -p + j. Let d = -137 + p. What is the remainder when d is divided by 13?
10
Suppose -7*l = l - 32. Suppose 9*m - l*m = 110. Calculate the remainder when m is divided by 8.
6
Suppose -4*s + 16 + 68 = 0. Let f(d) be the third derivative of d**5/20 + d**4/8 + d**3/3 - 12*d**2. What is the remainder when s is divided by f(-2)?
5
Calculate the remainder when (11 - (20 + -11))*(-358)/(-4) is divided by 2.
1
Suppose 0 = -3*u - 2*d + 3354 + 2807, -u + 2031 = -5*d. What is the remainder when u is divided by 54?
53
Let q(b) = b**3 - 6*b**2 - 6*b. Let x = 55 + -56. Calculate the remainder when (81/(-6))/x - 2/4 is divided by q(7).
6
Let j = 2 - 5. What is the remainder when (1/(-3))/(j/126) is divided by 6?
2
Let s be (3/(-4))/(7/28). Let m be (-102)/(-8)*(-32)/s. What is the remainder when 0 - (m/1)/(-4) is divided by 12?
10
Let h be 0/3 + 3 - (-1 - -2). What is the remainder when 52 is divided by 7 - h - -12 - 6/2?
10
Suppose 5*q = 25, -3*x + q = -2*q - 117. What is the remainder when x is divided by 21?
2
Suppose -13 + 3 = -5*y. Suppose 5*j - 6*c + 15 = -c, 16 = -y*j - 3*c. Let p = 32 + j. Calculate the remainder when 52 is divided by p.
25
Let y = -29 - -51. Suppose -5*u + 28 = -4*s, 0 = -5*u + s - 0 + y. Calculate the remainder when 10 is divided by u.
2
Let d = -4 + 52. What is the remainder when d is divided by 7?
6
Let r = 5000 - 4960. Calculate the remainder when r is divided by (-1)/4 - 170/(-8).
19
Suppose -12*p = -8*p. Let h(m) = m + 18. Let s be h(p). Suppose -4*a + 2*a = -s. Calculate the remainder when a is divided by 3.
0
Calculate the remainder when 8 is divided by 7*1 + -95 + 90.
0
Suppose -4*u - 23*r + 19*r + 12 = 0, -u = -5*r + 3. What is the remainder when 2 is divided by u?
0
Let l = -23 + 66. Let s = 10 - 8. Suppose -s*k = -4 - 18. What is the remainder when l is divided by k?
10
Let h(a) = 2*a**2 + 14*a - 179. What is the remainder when h(12) is divided by 10?
7
Let a be ((-5)/(-3))/((-3)/(-45)). Suppose -5*k = a, -34 = -2*m + 4*k - 2*k. Calculate the remainder when 43 is divided by m.
7
Let v(k) = 22*k - 47. Let x = 1 - 1. Suppose x = -2*u - 0*u + 20. What is the remainder when v(3) is divided by u?
9
Let s = -293 + 338. What is the remainder when 210 is divided by s?
30
Suppose -2*j = -130 + 70. Calculate the remainder when 130 is divided by j.
10
Suppose 32 = -f - 14. Let a(j) = j**2 - 7*j + 6. Let w be a(5). Let z = w - f. What is the remainder when z is divided by 22?
20
Let p(t) = 9*t**2 + 22*t - 20. What is the remainder when p(-4) is divided by 4?
0
Let c = 36 + -24. Suppose 0 = 2*v + 2*v - c. Calculate the remainder when 13 is divided by 14/v - 6/(-18).
3
Let r(a) = 7*a + 8. Suppose 4*f + f + 200 = 5*h, 3*h - 114 = -3*f. Calculate the remainder when r(15) is divided by h.
35
Suppose -2*f - 6 = 0, 6*i - 5*f + 42 = 3*i. Let g = i + 8. What is the remainder when 119 is divided by (g - 1)/4 - -33?
29
Suppose g = -3*v - 3*g + 43, -2*g - 94 = -4*v. Let s(c) = 2*c**2 + 11*c. Let f be s(-6). What is the remainder when ((-45)/f)/(v/(-140)) is divided by 17?
16
Let c(l) = -2*l**3 - 2*l**2 - 5*l - 3. Let s be c(-3). Let p be 3/((-6)/(-29))*-2. Let j = s + p. Calculate the remainder when 74 is divided by j.
17
Suppose 0 = 3*a + 2*a + 40. Suppose -13 - 52 = -5*r. Calculate the remainder when (-1302)/(-35) + a/(-10) is divided by r.
12
Suppose -4*a + 3*a = -7. Calculate the remainder when a is divided by ((-19)/(-114))/(3/36).
1
Calculate the remainder when (-35)/(-10)*(-192)/(-14) is divided by 10.
8
Let g(c) = 36*c - 159. What is the remainder when 80 is divided by g(5)?
17
Let x(s) = s**3 - s**2 + 5*s - 6. Let c = -25 + 48. What is the remainder when c is divided by x(2)?
7
Calculate the remainder when 109 is divided by 32*(3 - 30/12).
13
Let q(k) = -7*k**3 + k**2 - 2*k. Let c(b) = 4*b**2 - b - 1. What is the remainder when q(-2) is divided by c(2)?
12
Let w be (-40)/6*(-9)/6. Let p = -15 + w. Let r = -4 - p. Calculate the remainder when 2 is divided by r.
0
Let j be ((24/10)/4)/((-6)/(-60)). Let w(k) = k**3 - 4*k**2 - 5*k - 13. Calculate the remainder when w(j) is divided by 15.
14
Suppose -5*x - 2*u + 613 = -0*x, 2*x = -3*u + 243. What is the remainder when x is divided by 3?
0
Let c = 261 + -251. What is the remainder when 34 + (0 - -1) + -1 is divided by c?
4
Let q = 104 + -96. Calculate the remainder when 191 is divided by q.
7
Let j(w) = -w**2 + 12*w + 9. Let b be j(12). What is the remainder when 45 is divided by (-24)/b*(-1 - -3)*-3?
13
Suppose -5*m + 76 = 4*z, 8*m - 3*z + 36 = 10*m. Calculate the remainder when 645 is divided by m.
9
Suppose -2748 = -5*h + 4*u - 273, -2*h + 990 = u. Calculate the remainder when h is divided by 28.
19
Let t(u) = -3*u + 55. Let x be t(0). Suppose 0 = 3*f - 2 - x. What is the remainder when f is divided by 11?
8
Let n(y) = -y**3 - 8*y**2 + y - 105. What is the remainder when n(-10) is divided by 35?
15
Let s be ((-8)/(-20))/((-2)/20). Let h be (-34)/((0 - -1)/s). What is the remainder when 66 is divided by h/(-48)*2*-3?
15
What is the remainder when (-5 + 189)*2/4 is divided by (-153)/(-5) - -1 - 6/10?
30
Suppose 4*u - 4 - 32 = 0. Suppose -u*q + 7*q = -126. What is the remainder when 109 is divided by (q/(-12))/(6/(-32))?
25
Let i(o) = o**3 + 3*o**2 - o + 2. What is the remainder when 8 is divided by i(-3)?
3
Suppose -5*c - 92 = -w, 21*c - 25*c + 240 = 2*w. What is the remainder when 550 is divided by w?
102
Suppose 5*w + 0*j = -5*j + 100, -4*w = -j - 70. Let a = 21 - w. Suppose k - 10 = 4*y + 4, -y - 9 = -a*k. What is the remainder when 3 is divided by k?
1
Suppose 5*f - f + d - 263 = 0, 0 = -f + 5*d + 71. Calculate the remainder when f is divided by 25.
16
Let i = -17 + 31. What is the remainder when 0/(-2)*-1 - -35 is divided by 10/(-70) - (-170)/i?
11
Let t(v) = v - 8 + 15 + 32. Calculate the remainder when t(-12) is divided by 6.
3
Suppose -8*q + 14*q = 12. Suppose -3*v + q = -4. What is the remainder when 16 is divided by v?
0
Suppose -5*a - g + 3 + 4 = 0, -7 = -2*a + g. Suppose a*t + 25 = q + 7, -5*t - 63 = -4*q. What is the remainder when (-26 - -5)*-1 + (-6 - -6) is divided by q?
9
Suppose 0 = -7*w - 7. Let n = w + 8. What is the remainder when